{"id":892,"date":"2022-08-08T13:00:53","date_gmt":"2022-08-08T11:00:53","guid":{"rendered":"http:\/\/fans.meta-classe.fr\/?page_id=892"},"modified":"2022-08-09T16:15:16","modified_gmt":"2022-08-09T14:15:16","slug":"le-top-des-profils","status":"publish","type":"page","link":"http:\/\/fans.meta-classe.fr\/","title":{"rendered":"Le top des profils"},"content":{"rendered":"\t\t<div data-elementor-type=\"wp-page\" data-elementor-id=\"892\" class=\"elementor elementor-892\">\n\t\t\t\t\t\t\t\t\t<section class=\"elementor-section elementor-top-section elementor-element elementor-element-8ad9819 elementor-section-full_width elementor-section-height-default elementor-section-height-default exad-glass-effect-no exad-sticky-section-no\" data-id=\"8ad9819\" data-element_type=\"section\">\n\t\t\t\t\t\t<div class=\"elementor-container elementor-column-gap-no\">\n\t\t\t\t\t<div class=\"elementor-column elementor-col-100 elementor-top-column elementor-element elementor-element-90f91d5 exad-glass-effect-no exad-sticky-section-no\" data-id=\"90f91d5\" data-element_type=\"column\">\n\t\t\t<div class=\"elementor-widget-wrap elementor-element-populated\">\n\t\t\t\t\t\t\t\t<div class=\"elementor-element elementor-element-fbd599c exad-sticky-section-no exad-glass-effect-no elementor-widget elementor-widget-slider_revolution\" data-id=\"fbd599c\" data-element_type=\"widget\" data-widget_type=\"slider_revolution.default\">\n\t\t\t\t<div class=\"elementor-widget-container\">\n\t\t\t\r\n\t\t<div class=\"wp-block-themepunch-revslider\"><script>console.log(\"Portfolio Showreel: Please register the Slider Revolution plugin to use premium templates.\")<\/script>\n<\/div>\r\n\r\n\t\t\t\t<\/div>\n\t\t\t\t<\/div>\n\t\t\t\t\t<\/div>\n\t\t<\/div>\n\t\t\t\t\t\t\t<\/div>\n\t\t<\/section>\n\t\t\t\t<section class=\"elementor-section elementor-top-section elementor-element elementor-element-56290ff elementor-section-full_width elementor-section-height-default elementor-section-height-default exad-glass-effect-no exad-sticky-section-no\" data-id=\"56290ff\" data-element_type=\"section\" id=\"profils\">\n\t\t\t\t\t\t<div class=\"elementor-container elementor-column-gap-default\">\n\t\t\t\t\t<div class=\"elementor-column elementor-col-100 elementor-top-column elementor-element elementor-element-93d992d exad-glass-effect-no exad-sticky-section-no\" data-id=\"93d992d\" data-element_type=\"column\">\n\t\t\t<div class=\"elementor-widget-wrap elementor-element-populated\">\n\t\t\t\t\t\t\t\t<div class=\"elementor-element elementor-element-6932f97 exad-sticky-section-no exad-glass-effect-no elementor-widget elementor-widget-exad-exclusive-heading\" data-id=\"6932f97\" data-element_type=\"widget\" data-widget_type=\"exad-exclusive-heading.default\">\n\t\t\t\t<div class=\"elementor-widget-container\">\n\t\t\t\n        <div class=\"exad-exclusive-heading\">\n            <div class=\"exad-exclusive-heading-wrapper exad-heading-center exad-heading-image-gradient\">\n\t\t\t\n                <h1 data-content=\"Les Profils\" class=\"exad-exclusive-heading-title\">\n\t\t\t\t\tLes Profils\t\t\t\t<\/h1>\n\t\n                \t\t\t\t\t<div class=\"exad-heading-separator\"><\/div>\n\t\t\t\t\n            <\/div>\n        <\/div>\n\t\t\t<\/div>\n\t\t\t\t<\/div>\n\t\t\t\t<div class=\"elementor-element elementor-element-159087a exad-sticky-section-no exad-glass-effect-no elementor-widget elementor-widget-exad-filterable-gallery\" data-id=\"159087a\" data-element_type=\"widget\" data-widget_type=\"exad-filterable-gallery.default\">\n\t\t\t\t<div class=\"elementor-widget-container\">\n\t\t\t\n        <div id =\"exad-filterable-gallery-id-159087a\" class=\"exad-gallery-items\">\n            <div class=\"exad-gallery-one exad-gallery-wrapper\">\n                                <div class=\"exad-gallery-menu\">\n                                                <button data-filter=\"*\" class=\"filter-item current\">Tous<\/button>\n                        <button class=\"filter-item\" data-filter=\".femmes\">femmes<\/button><button class=\"filter-item\" data-filter=\".hommes\">hommes<\/button><button class=\"filter-item\" data-filter=\".lgbtqia\">lgbtqia<\/button>                    <\/div>\n                    \n                <div id=\"filters-159087a\" class=\"exad-gallery-element\">\n                                        <div class=\"exad-gallery-item femmes exad-col-3\">\n                            <div class=\"exad-gallery-content-wrapper\">\n                                <div class=\"exad-gallery-image\">\n                                \n                                    <div class=\"exad-gallery-thumbnail-holder\" style=\"background-image: url('http:\/\/fans.meta-classe.fr\/wp-content\/uploads\/2022\/08\/woman-lake-model-1853507.jpg');\"><\/div>\n                                        <div class=\"exad-gallery-item-overlay exad-zoom-in\">\n                                            <div class=\"exad-gallery-item-overlay-content\">\n                                                                                            <div class=\"exad-fg-icons\">\n                                                                                                        <a href=\"http:\/\/fans.meta-classe.fr\/?page_id=540\">\n                                                            <i aria-hidden=\"true\" class=\"fas fa-link\"><\/i>                                                        <\/a>\n                                                                                                    <\/div>\n                                            <div class=\"exad-gallery-item-content\"><h2>laura<\/h2><p>\u00c2ge : 24 ans<\/p><\/div>                                        <\/div>\n                                    <\/div>\n                                <\/div>\n                                                            <\/div>\n                        <\/div>\n                                                <div class=\"exad-gallery-item hommes exad-col-3\">\n                            <div class=\"exad-gallery-content-wrapper\">\n                                <div class=\"exad-gallery-image\">\n                                \n                                    <div class=\"exad-gallery-thumbnail-holder\" style=\"background-image: url('http:\/\/fans.meta-classe.fr\/wp-content\/uploads\/revslider\/showreel-slider\/bellboy-filter_158.jpeg');\"><\/div>\n                                        <div class=\"exad-gallery-item-overlay exad-zoom-in\">\n                                            <div class=\"exad-gallery-item-overlay-content\">\n                                                                                            <div class=\"exad-fg-icons\">\n                                                                                                        <a href=\"#\">\n                                                            <i aria-hidden=\"true\" class=\"fas fa-link\"><\/i>                                                        <\/a>\n                                                                                                    <\/div>\n                                            <div class=\"exad-gallery-item-content\"><h2>jackie<\/h2><p>\u00c2ge : 37 ans<\/p><\/div>                                        <\/div>\n                                    <\/div>\n                                <\/div>\n                                                            <\/div>\n                        <\/div>\n                                                <div class=\"exad-gallery-item femmes exad-col-3\">\n                            <div class=\"exad-gallery-content-wrapper\">\n                                <div class=\"exad-gallery-image\">\n                                \n                                    <div class=\"exad-gallery-thumbnail-holder\" style=\"background-image: url('http:\/\/fans.meta-classe.fr\/wp-content\/uploads\/revslider\/showreel-slider\/bride.jpg');\"><\/div>\n                                        <div class=\"exad-gallery-item-overlay exad-zoom-in\">\n                                            <div class=\"exad-gallery-item-overlay-content\">\n                                                                                            <div class=\"exad-fg-icons\">\n                                                                                                        <a href=\"#\">\n                                                            <i aria-hidden=\"true\" class=\"fas fa-link\"><\/i>                                                        <\/a>\n                                                                                                    <\/div>\n                                            <div class=\"exad-gallery-item-content\"><h2>Victoria<\/h2><p>\u00c2ge : 28 ans<\/p><\/div>                                        <\/div>\n                                    <\/div>\n                                <\/div>\n                                                            <\/div>\n                        <\/div>\n                                                <div class=\"exad-gallery-item lgbtqia exad-col-3\">\n                            <div class=\"exad-gallery-content-wrapper\">\n                                <div class=\"exad-gallery-image\">\n                                \n                                    <div class=\"exad-gallery-thumbnail-holder\" style=\"background-image: url('http:\/\/fans.meta-classe.fr\/wp-content\/uploads\/revslider\/portait2-scaled.jpg');\"><\/div>\n                                        <div class=\"exad-gallery-item-overlay exad-zoom-in\">\n                                            <div class=\"exad-gallery-item-overlay-content\">\n                                                                                            <div class=\"exad-fg-icons\">\n                                                                                                        <a href=\"#\">\n                                                            <i aria-hidden=\"true\" class=\"fas fa-link\"><\/i>                                                        <\/a>\n                                                                                                    <\/div>\n                                            <div class=\"exad-gallery-item-content\"><h2>pedro<\/h2><p>\u00c2ge : 30 ans<\/p><\/div>                                        <\/div>\n                                    <\/div>\n                                <\/div>\n                                                            <\/div>\n                        <\/div>\n                                                <div class=\"exad-gallery-item femmes exad-col-3\">\n                            <div class=\"exad-gallery-content-wrapper\">\n                                <div class=\"exad-gallery-image\">\n                                \n                                    <div class=\"exad-gallery-thumbnail-holder\" style=\"background-image: url('http:\/\/fans.meta-classe.fr\/wp-content\/uploads\/revslider\/minimal-portfolio\/folio51.jpg');\"><\/div>\n                                        <div class=\"exad-gallery-item-overlay exad-zoom-in\">\n                                            <div class=\"exad-gallery-item-overlay-content\">\n                                                                                            <div class=\"exad-fg-icons\">\n                                                                                                        <a href=\"#\">\n                                                            <i aria-hidden=\"true\" class=\"fas fa-link\"><\/i>                                                        <\/a>\n                                                                                                    <\/div>\n                                            <div class=\"exad-gallery-item-content\"><h2>Fatoumata<\/h2><p>\u00c2ge : 34 ans<\/p><\/div>                                        <\/div>\n                                    <\/div>\n                                <\/div>\n                                                            <\/div>\n                        <\/div>\n                                                <div class=\"exad-gallery-item lgbtqia exad-col-3\">\n                            <div class=\"exad-gallery-content-wrapper\">\n                                <div class=\"exad-gallery-image\">\n                                \n                                    <div class=\"exad-gallery-thumbnail-holder\" style=\"background-image: url('http:\/\/fans.meta-classe.fr\/wp-content\/uploads\/revslider\/showreel-slider\/daydream.jpg');\"><\/div>\n                                        <div class=\"exad-gallery-item-overlay exad-zoom-in\">\n                                            <div class=\"exad-gallery-item-overlay-content\">\n                                                                                            <div class=\"exad-fg-icons\">\n                                                                                                        <a href=\"#\">\n                                                            <i aria-hidden=\"true\" class=\"fas fa-link\"><\/i>                                                        <\/a>\n                                                                                                    <\/div>\n                                            <div class=\"exad-gallery-item-content\"><h2>theophile<\/h2><p>\u00c2ge : 26 ans<\/p><\/div>                                        <\/div>\n                                    <\/div>\n                                <\/div>\n                                                            <\/div>\n                        <\/div>\n                                        <\/div>\n            <\/div>\n        <\/div>\n        \t\t<\/div>\n\t\t\t\t<\/div>\n\t\t\t\t\t<\/div>\n\t\t<\/div>\n\t\t\t\t\t\t\t<\/div>\n\t\t<\/section>\n\t\t\t\t\t\t\t<\/div>\n\t\t","protected":false},"excerpt":{"rendered":"<p>Les Profils Tous femmeshommeslgbtqia laura \u00c2ge : 24 ans jackie \u00c2ge : 37 ans Victoria \u00c2ge : 28 ans pedro \u00c2ge : 30 ans Fatoumata \u00c2ge : 34 ans theophile \u00c2ge : 26 ans<\/p>\n","protected":false},"author":1,"featured_media":0,"parent":0,"menu_order":0,"comment_status":"closed","ping_status":"closed","template":"","meta":{"site-sidebar-layout":"no-sidebar","site-content-layout":"page-builder","ast-global-header-display":"disabled","ast-main-header-display":"","ast-hfb-above-header-display":"","ast-hfb-below-header-display":"","ast-hfb-mobile-header-display":"","site-post-title":"disabled","ast-breadcrumbs-content":"","ast-featured-img":"disabled","footer-sml-layout":"","theme-transparent-header-meta":"","adv-header-id-meta":"","stick-header-meta":"","header-above-stick-meta":"","header-main-stick-meta":"","header-below-stick-meta":"","footnotes":""},"class_list":["post-892","page","type-page","status-publish","hentry"],"_links":{"self":[{"href":"http:\/\/fans.meta-classe.fr\/index.php?rest_route=\/wp\/v2\/pages\/892","targetHints":{"allow":["GET"]}}],"collection":[{"href":"http:\/\/fans.meta-classe.fr\/index.php?rest_route=\/wp\/v2\/pages"}],"about":[{"href":"http:\/\/fans.meta-classe.fr\/index.php?rest_route=\/wp\/v2\/types\/page"}],"author":[{"embeddable":true,"href":"http:\/\/fans.meta-classe.fr\/index.php?rest_route=\/wp\/v2\/users\/1"}],"replies":[{"embeddable":true,"href":"http:\/\/fans.meta-classe.fr\/index.php?rest_route=%2Fwp%2Fv2%2Fcomments&post=892"}],"version-history":[{"count":47,"href":"http:\/\/fans.meta-classe.fr\/index.php?rest_route=\/wp\/v2\/pages\/892\/revisions"}],"predecessor-version":[{"id":991,"href":"http:\/\/fans.meta-classe.fr\/index.php?rest_route=\/wp\/v2\/pages\/892\/revisions\/991"}],"wp:attachment":[{"href":"http:\/\/fans.meta-classe.fr\/index.php?rest_route=%2Fwp%2Fv2%2Fmedia&parent=892"}],"curies":[{"name":"wp","href":"https:\/\/api.w.org\/{rel}","templated":true}]}}